 0 = 4*l - 12. Let t = -117 + s. Let f = -24 - t. Calculate the greatest common divisor of f and 1.
1
Suppose -279 + 1047 = 48*z. Suppose z + 0 = 4*u. Calculate the highest common divisor of u and 12.
4
Suppose -5*u = -3*t + 8, 0 = 2*t - 3*u - 7 + 1. Suppose -70 = -t*b - 4. What is the greatest common divisor of 220 and b?
11
Suppose 18*h - 17 + 449 = 0. Let k be 2/(h/(-109)) - (-5)/(-60). Calculate the highest common divisor of k and 576.
9
Suppose -l - 75*t = -74*t - 3701, -7382 = -2*l + 2*t. What is the highest common factor of 48 and l?
48
Let g be (-2)/(-5) + (-123)/(-5). Let j(y) = -y**3 + 12*y**2 + 7*y + 25. Let l be j(0). What is the highest common divisor of l and g?
25
Let s(x) = -2*x - 3*x + 12*x + 5. Suppose 4*d - 4*g = 4, -d = 5*g - 33 + 14. Let v be s(d). Calculate the greatest common factor of v and 55.
11
Suppose 0 = -48*u + 28*u - 100. Let w(l) = -35*l + 28. Let i be w(u). What is the highest common divisor of 87 and i?
29
Suppose -3*z = 157*v - 152*v - 385, -3*v + 2*z + 231 = 0. Calculate the highest common divisor of v and 176.
11
Let f(b) = b**3 + 4*b**2 + 2*b + 3. Let c be f(-2). Suppose -218*q + 13510 = 7*q - 33740. What is the highest common divisor of c and q?
7
Suppose 0 = j - 6230 + 1604 - 2340. What is the greatest common divisor of 86 and j?
86
Let x = 6214 - 5557. What is the greatest common factor of 135 and x?
9
Suppose 2*o = -4*q + 10, -62*q - 7 = -o - 63*q. What is the highest common divisor of 1278 and o?
9
Let k(j) = 9*j**2 + 22*j + 6. Let o be k(-4). Suppose 2*q - 2 = -6, 5*q = -3*i + 641. Calculate the greatest common divisor of i and o.
31
Suppose 4*j - 245 = -217, t - 3*j = 870. What is the greatest common factor of 66 and t?
33
Let a(t) = -3*t + 23. Let y be a(7). Let q be y + 6/((-30)/(-55)). Suppose q + 12 = r + 2*x, 5*r - 3*x = 190. Calculate the highest common factor of 140 and r.
35
Let h = 49 + 6. Let a = h + -109. Let o be 6/a*3 - (-49)/3. What is the highest common divisor of o and 48?
16
Let h = 64 - 14. Let v(w) = -w**3 - 13*w**2 + 33*w + 661. Let a be v(-9). Calculate the greatest common divisor of h and a.
10
Suppose 16848 = -106*p + 132*p. What is the highest common divisor of p and 252?
36
Suppose -3*r = -4*t + 7658 + 5903, 0 = 3*r + 9. What is the greatest common factor of 8 and t?
4
Let l = 6607 - 6451. Calculate the highest common divisor of l and 228.
12
Let c(f) = -7*f + 24. Suppose -8*j + 18 = -14. Suppose 2*b + 23 = -5*h + j, 4*h = b + 16. Let p be c(b). Calculate the highest common factor of p and 12.
12
Let u(q) = -37*q + 284. Let p be u(-22). Suppose 5*v - 4*f - p = 0, f - 5*f = v - 234. What is the highest common factor of 18 and v?
6
Let t be (26/7)/(279/367164). Calculate the highest common divisor of t and 104.
104
Suppose 2*g + 12 = 4. Let m be (0 - 96/g)/1. Suppose 3*d - 228 = -2*n, 0*d + 3*d = -5*n + 588. What is the greatest common factor of m and n?
24
Let n be 8 - (1 + 466 - 5). Let l = -129 - n. What is the highest common factor of l and 39?
13
Let r be 9 + (-2)/(0 - -2). Let n = -805 + 957. Calculate the highest common factor of n and r.
8
Suppose -12*t = 13 - 373. Let c(a) = -3*a**2 + a**3 - 15 + t - 9*a + 1. Let q be c(5). What is the highest common factor of 21 and q?
21
Let m(l) = 2*l**3 + 2*l**2 + 2*l + 24. Suppose 11*x = -13*x + 9*x. Let k be m(x). Calculate the highest common factor of k and 48.
24
Let q be (-4 - -5 - -469) + -8. Let r = 606 - q. Suppose 3*s = 2*d - 81, -d - 2*s + 8 = -22. What is the greatest common factor of d and r?
36
Let b be ((-24)/(-8) - (4 + (-2)/(-2))) + 99. What is the highest common divisor of 13289 and b?
97
Let w = 17217 + -7983. Suppose -5*n - 156 = w. Let q be n/(-39) + 10/(-65). Calculate the highest common factor of 120 and q.
24
Suppose 3944 = 148*f - 131*f. What is the highest common factor of 870 and f?
58
Let w = -154 + 225. Suppose q + 3*s - 50 = 0, -6*q + 5*q + 4*s = -w. What is the highest common divisor of q and 118?
59
Suppose 8*c + 48 = -4*c. Let l be ((-12)/(-5))/(c - 966/(-240)). What is the greatest common factor of l and 12?
12
Suppose -99*d = -101*d - 86. Let j = 141 + d. Let q = -1 + 15. What is the highest common divisor of q and j?
14
Let r = -617 - -349. Let h = 270 + r. Calculate the highest common divisor of h and 46.
2
Suppose 145 = -5*n - 5*b, 0 = 5*b - b + 4. Let r(s) = 3*s**2 + 8*s + 3. Let v be r(-5). Let y = n + v. Calculate the highest common divisor of y and 2.
2
Let a be (92 - (-67206)/(-483))/((-3)/7). Suppose -2*z + 5*i + 23 = -40, 4*z - 156 = 4*i. What is the highest common factor of a and z?
22
Suppose -67*r - 231917 + 2034217 = 0. Calculate the greatest common factor of 5 and r.
5
Let x = -618 + 757. Calculate the highest common divisor of 2224 and x.
139
Let i be 1875/150*(-48)/(-5). Let h = -9 + 14. Suppose q = l + 63, -i = -4*q - h*l + 105. What is the highest common divisor of 36 and q?
12
Let v = -310 + 358. Let d = 76 - v. What is the highest common divisor of d and 70?
14
Let v be 13020/63 + 24/18. Calculate the highest common factor of v and 3224.
104
Let h be (1 + 1)/((-722)/(-48735)). Calculate the highest common factor of 22545 and h.
135
Suppose 427128 = 162*h + 282*h. Calculate the highest common divisor of h and 592.
74
Suppose -3*n = 15, 0 = 2*h - 0*h - n - 469. Let s = -226 + h. Let w = -9 - -24. What is the highest common divisor of w and s?
3
Let f = -15670 - -15698. What is the greatest common factor of f and 3052?
28
Suppose 355*y + 4*h + 154 = 360*y, y = -4*h + 50. Calculate the greatest common divisor of y and 170.
34
Suppose 105932 = 99*x + 21980. Calculate the highest common divisor of 16 and x.
16
Let d = -132 - -461. Suppose -d - 23 = -2*z. Let x be (-33)/(-2)*8/6. Calculate the highest common divisor of z and x.
22
Let j be (-10)/15*(-21)/2. Let o be (-1)/((28/(-72))/j). Let w(s) = -s**2 + 17*s - 24. Let a be w(3). What is the greatest common factor of a and o?
18
Let b(t) = -65*t**2 - 4*t - 24*t + 17 + 67*t**2. Let f be b(18). Let k = f + -62. Calculate the highest common divisor of 11 and k.
11
Suppose -i = 2*y - 1122, 34*y - 35*y = 2*i - 2244. Calculate the highest common factor of i and 714.
102
Suppose -104*p = 5619 - 139797 - 74862. Calculate the greatest common factor of p and 190.
10
Suppose -99*w - 52*w + 5421 = -12*w. Calculate the greatest common factor of 832 and w.
13
Suppose -6*z + 3*z = 0. Suppose -2*h + 2*l + 109 = -49, z = -5*h - 2*l + 374. What is the greatest common divisor of 190 and h?
38
Suppose -5*z + 4*m - 6*m + 19 = 0, 2*z - 4 = -2*m. Suppose 23*j = v + 20*j - 116, -4*v + 248 = 6*j. Calculate the greatest common divisor of z and v.
5
Suppose -2*p + x - 4*x = -69, 4*p + 5*x = 137. Let z be (-10564)/(-20) + 3/(-15). What is the highest common factor of z and p?
33
Suppose 3*o = 4*o + 4*j - 12, 3*o - 5*j = -15. Suppose -11*r + 14 - 3 = o. Let p = -9 - -20. What is the highest common factor of r and p?
1
Suppose 638 = 3*a + 4*w + 574, a - 18 = 2*w. Let c be (9/4)/((-3)/(-60)). Let i = c - 25. What is the greatest common factor of i and a?
20
Suppose -8*x + 12*x + 64 = 0. Let b = x + 4. Let z be (b/(-9))/(-1 - 76/(-72)). What is the greatest common factor of 192 and z?
24
Suppose -4*h = 5*f - 10*f + 17, -4*h - 4*f = -28. Let u be h/(-2)*-1 + 162. Let v be u + (3 - (2 - -4)). What is the greatest common factor of v and 16?
16
Suppose 435 = 62*w - 59*w - c, 3*c - 279 = -2*w. What is the greatest common divisor of w and 1116?
36
Let n(y) = -2*y + 18. Let f be n(-2). Let j be (165/f)/(12/16). What is the greatest common divisor of j and 190?
10
Suppose -3*w + 883 = -l, 11 = -w + 6*l + 311. Let t(h) = h**2 + h + 84. Let p be t(0). What is the greatest common divisor of w and p?
42
Suppose 2*n + 3*n = -15, 3*n = 2*j - 225. Let x be -18*9/(j/(-8)). What is the greatest common divisor of 20 and x?
4
Let v(n) = n**3 - 31*n**2 - 25*n - 32. Let x be v(32). What is the greatest common factor of 2752 and x?
64
Let x(c) = 13*c**2 - 78*c - 1751. Let g be x(-9). Suppose -5*f + 83 = -37. What is the highest common divisor of g and f?
4
Let q(o) = -5*o - 6. Let a be q(-3). Let s be ((-54)/(-108))/(-1*(-1)/12). Calculate the greatest common divisor of s and a.
3
Let c be ((-141)/6)/((-99)/(-132)*(-2)/249). What is the greatest common factor of c and 249?
83
Let 